
2734
Calculate the remainder when 702932 is divided by 1218.
146
Calculate the remainder when 16862 is divided by 2082.
206
What is the remainder when 529892 is divided by 585?
467
What is the remainder when 734460 is divided by 56496?
12
What is the remainder when 33891078 is divided by 337?
336
What is the remainder when 669186 is divided by 107?
8
What is the remainder when 599531072 is divided by 3575?
3572
What is the remainder when 1910770 is divided by 477686?
26
Calculate the remainder when 4535329 is divided by 167939.
976
Calculate the remainder when 1961792 is divided by 353.
171
What is the remainder when 165142151 is divided by 126?
125
Calculate the remainder when 35965969 is divided by 7.
4
Calculate the remainder when 235038 is divided by 460.
438
What is the remainder when 7464957 is divided by 480?
477
Calculate the remainder when 21608368 is divided by 309.
307
Calculate the remainder when 14580080 is divided by 468.
8
What is the remainder when 137137 is divided by 3935?
3347
What is the remainder when 398507 is divided by 199182?
143
Calculate the remainder when 666848 is divided by 166619.
372
Calculate the remainder when 6780099 is divided by 1157.
79
Calculate the remainder when 1763829 is divided by 73.
3
What is the remainder when 19459 is divided by 9146?
1167
Calculate the remainder when 2665960 is divided by 51266.
128
Calculate the remainder when 200978 is divided by 458.
374
Calculate the remainder when 68370 is divided by 978.
888
What is the remainder when 28724209 is divided by 1689659?
6
Calculate the remainder when 2433179 is divided by 1722.
1715
Calculate the remainder when 5348973 is divided by 757.
11
Calculate the remainder when 10007100 is divided by 2815.
2590
What is the remainder when 337836 is divided by 112606?
18
What is the remainder when 4360926 is divided by 1453617?
75
Calculate the remainder when 253002 is divided by 8829.
5790
Calculate the remainder when 1036807 is divided by 86384.
199
What is the remainder when 24712786 is divided by 20943?
46
What is the remainder when 413645 is divided by 31798?
271
What is the remainder when 1325126 is divided by 8?
6
Calculate the remainder when 1818952 is divided by 303.
43
What is the remainder when 388972 is divided by 7072?
12
Calculate the remainder when 6478718 is divided by 294.
134
Calculate the remainder when 3376837 is divided by 318.
313
Calculate the remainder when 12163853 is divided by 15.
8
Calculate the remainder when 78884686 is divided by 249.
241
What is the remainder when 6386824 is divided by 29?
9
Calculate the remainder when 2452549 is divided by 219.
187
Calculate the remainder when 436495 is divided by 47.
6
Calculate the remainder when 101359 is divided by 32866.
2761
Calculate the remainder when 10651775 is divided by 16.
15
Calculate the remainder when 12604 is divided by 6137.
330
What is the remainder when 776652 is divided by 2888?
2668
What is the remainder when 65359388 is divided by 37?
35
Calculate the remainder when 153775 is divided by 283.
106
Calculate the remainder when 856943 is divided by 85317.
3773
What is the remainder when 1036235 is divided by 2020?
1995
Calculate the remainder when 1708761 is divided by 854364.
33
Calculate the remainder when 11395703 is divided by 12.
11
What is the remainder when 424238309 is divided by 23?
20
What is the remainder when 984574 is divided by 590?
454
Calculate the remainder when 63976 is divided by 9090.
346
Calculate the remainder when 161923 is divided by 23071.
426
Calculate the remainder when 79113002 is divided by 101.
5
What is the remainder when 81872147 is divided by 12?
11
Calculate the remainder when 246391 is divided by 12960.
151
Calculate the remainder when 705672 is divided by 3237.
6
What is the remainder when 58941 is divided by 842?
1
Calculate the remainder when 1656362 is divided by 1444.
94
Calculate the remainder when 34169386 is divided by 60.
46
What is the remainder when 58388658 is divided by 5?
3
What is the remainder when 604373 is divided by 592?
533
Calculate the remainder when 6837795 is divided by 12455.
0
Calculate the remainder when 32114430 is divided by 16.
14
Calculate the remainder when 2804758479 is divided by 31.
30
Calculate the remainder when 10440 is divided by 1160.
0
What is the remainder when 649629 is divided by 161725?
2729
Calculate the remainder when 332613050 is divided by 159.
155
Calculate the remainder when 11671484 is divided by 5835707.
70
What is the remainder when 380127 is divided by 76025?
2
What is the remainder when 12890968 is divided by 669?
7
Calculate the remainder when 755144 is divided by 134.
54
What is the remainder when 1846543 is divided by 39288?
7
What is the remainder when 24340483 is divided by 75?
58
Calculate the remainder when 143432 is divided by 71633.
166
What is the remainder when 12184737 is divided by 3046166?
73
What is the remainder when 3007090 is divided by 123?
109
What is the remainder when 2746861 is divided by 63?
61
Calculate the remainder when 29813617 is divided by 5962710.
67
What is the remainder when 58156 is divided by 29025?
106
What is the remainder when 6230201 is divided by 1318?
15
What is the remainder when 13701989 is divided by 39?
2
What is the remainder when 244068 is divided by 894?
6
Calculate the remainder when 117471367 is divided by 709.
702
Calculate the remainder when 4067995 is divided by 813592.
35
Calculate the remainder when 23943274 is divided by 14.
12
Calculate the remainder when 44663859 is divided by 27069.
9
Calculate the remainder when 29169138 is divided by 341.
339
What is the remainder when 2217953 is divided by 4258?
3793
What is the remainder when 840269 is divided by 280062?
83
What is the remainder when 1479615 is divided by 445?
435
What is the remainder when 353435 is divided by 690?
155
Calculate the remainder when 3020136 is divided by 199.
112
What is the remainder when 4762567 is divided by 339?
295
What is the remainder when 499299 is divided by 1532?
1399
Calculate the remainder when 1191494 is divided by 297865.
34
Calculate the remainder when 2707924 is divided by 37610.
4
Calculate the remainder when 1590183 is divided by 14072.
47
Calculate the remainder when 88178 is divided by 245.
223
What is the remainder when 11930 is divided by 1968?
122
Calculate the remainder when 3150237 is divided by 73.
68
What is the remainder when 203612 is divided by 15633?
383
What is the remainder when 28525 is divided by 1738?
717
What is the remainder when 7739571 is divided by 2579832?
75
Calculate the remainder when 39262117 is divided by 2181227.
31
What is the remainder when 541112 is divided by 22546?
8
Calculate the remainder when 1928258 is divided by 482063.
6
What is the remainder when 16648 is divided by 4715?
2503
Calculate the remainder when 297789 is divided by 33020.
609
What is the remainder when 5597321 is divided by 3127?
3118
Calculate the remainder when 602528256 is divided by 698.
696
What is the remainder when 24947974 is divided by 282?
280
What is the remainder when 54515048 is divided by 4255?
4243
Calculate the remainder when 40960713 is divided by 4096070.
13
What is the remainder when 371202152 is divided by 156?
152
Calculate the remainder when 557133 is divided by 2094.
129
Calculate the remainder when 2761328 is divided by 2212.
752
Calculate the remainder when 16498479 is divided by 462.
459
What is the remainder when 119128 is divided by 722?
720
Calculate the remainder when 8013 is divided by 2017.
1962
Calculate the remainder when 208283 is divided by 5480.
43
Calculate the remainder when 30648099 is divided by 7521.
24
Calculate the remainder when 169672 is divided by 84726.
220
Calculate the remainder when 337006 is divided by 2006.
2004
What is the remainder when 8255 is divided by 941?
727
What is the remainder when 1328045 is divided by 3689?
5
Calculate the remainder when 266525 is divided by 240.
125
What is the remainder when 156834 is divided by 156706?
128
What is the remainder when 24521262 is divided by 506?
502
Calculate the remainder when 248606 is divided by 62049.
410
Calculate the remainder when 18433 is divided by 2397.
1654
What is the remainder when 251359 is divided by 739?
99
What